ommon factor of 1206 and 16074.
18
What is the highest common divisor of 127 and 525653?
127
What is the greatest common factor of 18 and 22211?
1
What is the highest common factor of 120 and 8553?
3
What is the greatest common divisor of 36024 and 1824?
456
What is the highest common factor of 42544 and 2640?
16
What is the greatest common divisor of 243 and 64359?
9
Calculate the highest common factor of 207 and 313513.
23
What is the highest common factor of 1235 and 245?
5
What is the highest common factor of 3200 and 60400?
400
What is the greatest common divisor of 160208 and 1581?
527
What is the greatest common divisor of 16 and 70416?
16
Calculate the greatest common divisor of 26 and 190684.
26
Calculate the greatest common factor of 16468 and 1196.
92
What is the greatest common divisor of 1405 and 114929?
281
What is the highest common factor of 10127 and 4264?
533
What is the highest common divisor of 10928 and 237001?
683
What is the greatest common divisor of 1152 and 173088?
288
What is the highest common divisor of 66688 and 1024?
128
Calculate the greatest common factor of 34 and 1002303.
17
What is the greatest common divisor of 44112 and 624?
48
What is the highest common divisor of 292 and 74168?
292
What is the greatest common factor of 288 and 565272?
72
What is the greatest common divisor of 20815 and 55890?
115
Calculate the greatest common divisor of 177193 and 37.
37
What is the greatest common factor of 843420 and 18?
6
Calculate the greatest common factor of 207025 and 455.
455
What is the highest common divisor of 44885 and 232065?
955
What is the highest common divisor of 74994 and 1769?
29
What is the highest common divisor of 28960 and 48?
16
What is the greatest common factor of 144 and 56772?
36
Calculate the highest common divisor of 5208 and 288.
24
Calculate the greatest common factor of 241744 and 174.
58
What is the greatest common divisor of 15 and 6079830?
15
Calculate the greatest common divisor of 129819 and 48831.
1191
Calculate the highest common factor of 12974 and 780.
26
What is the greatest common divisor of 94061 and 4862?
187
What is the greatest common factor of 1734 and 714?
102
What is the highest common factor of 6695 and 871?
13
What is the greatest common factor of 48852 and 3312?
828
What is the highest common factor of 211 and 101069?
211
What is the greatest common divisor of 1842 and 16?
2
Calculate the greatest common divisor of 61824 and 5184.
192
What is the greatest common factor of 2329101 and 54?
27
Calculate the greatest common factor of 25 and 435250.
25
What is the highest common divisor of 210 and 1375815?
105
Calculate the highest common factor of 2 and 40249.
1
What is the highest common divisor of 1404079 and 86?
43
Calculate the highest common divisor of 1809 and 33.
3
Calculate the greatest common factor of 4256 and 28672.
224
What is the highest common divisor of 525 and 3618300?
525
What is the highest common factor of 16 and 410608?
16
Calculate the greatest common divisor of 9906 and 109728.
762
Calculate the greatest common factor of 2421 and 6725.
269
What is the highest common divisor of 92 and 379684?
92
Calculate the highest common factor of 1029 and 3920.
49
Calculate the greatest common factor of 383680 and 220.
220
What is the greatest common divisor of 114875 and 1000?
125
Calculate the highest common factor of 401583 and 819.
273
What is the greatest common factor of 19008 and 902?
22
Calculate the greatest common divisor of 8676253 and 113.
113
Calculate the greatest common factor of 21 and 689493.
21
What is the highest common divisor of 531 and 1908?
9
What is the highest common factor of 21608 and 28?
4
Calculate the greatest common factor of 12 and 1852500.
12
Calculate the highest common divisor of 1225 and 5600.
175
What is the highest common divisor of 23765 and 10864?
679
Calculate the highest common divisor of 425078 and 514.
514
Calculate the greatest common divisor of 7925 and 625.
25
Calculate the greatest common factor of 2 and 21640.
2
What is the greatest common factor of 25174 and 4018?
82
What is the greatest common factor of 246 and 678386?
82
Calculate the highest common factor of 252 and 71100.
36
Calculate the greatest common divisor of 23488 and 1784.
8
Calculate the greatest common divisor of 187978 and 174.
58
Calculate the highest common factor of 222800 and 775.
25
Calculate the highest common divisor of 277534 and 11194.
386
Calculate the greatest common factor of 22491 and 1091230.
833
Calculate the greatest common factor of 140 and 1595860.
140
Calculate the highest common factor of 858533 and 39.
13
Calculate the highest common factor of 153 and 447687.
9
Calculate the greatest common divisor of 11 and 243034.
11
What is the greatest common divisor of 5248 and 7544?
328
Calculate the highest common divisor of 490 and 1893115.
245
Calculate the highest common divisor of 5145 and 210.
105
What is the greatest common factor of 254758 and 5870?
1174
Calculate the highest common divisor of 1550 and 7650.
50
Calculate the greatest common divisor of 1395 and 5766.
93
What is the highest common divisor of 3252 and 300?
12
What is the highest common factor of 520 and 63180?
260
What is the greatest common divisor of 42503 and 19?
19
Calculate the greatest common divisor of 17377934 and 86.
86
What is the highest common divisor of 30979 and 39?
13
Calculate the highest common divisor of 4210 and 1092916.
842
What is the highest common factor of 21398 and 104?
26
What is the greatest common divisor of 952 and 901544?
952
What is the greatest common factor of 1375683 and 1251?
417
What is the highest common divisor of 2280 and 1007?
19
What is the greatest common factor of 1752 and 30?
6
Calculate the highest common factor of 132 and 1298.
22
What is the highest common factor of 1584 and 39952?
176
Calculate the highest common divisor of 36 and 9660.
12
What is the highest common factor of 4239236 and 164?
164
What is the greatest common divisor of 910 and 349895?
455
What is the highest common factor of 1444 and 249451?
361
What is the highest common factor of 12871 and 1477?
211
What is the highest common divisor of 65015 and 740?
5
Calculate the greatest common factor of 50600 and 1334.
46
Calculate the highest common divisor of 200 and 478675.
25
Calculate the highest common factor of 503 and 380771.
503
Calculate the greatest common factor of 108558 and 1184.
74
Calculate the greatest common divisor of 16362000 and 2020.
2020
Calculate the greatest common factor of 3950 and 306520.
790
What is the greatest common factor of 1386109 and 424?
53
What is the highest common divisor of 14946 and 5734?
94
What is the highest common divisor of 827736 and 140?
28
What is the highest common divisor of 2168470 and 10?
10
Calculate the highest common divisor of 1651 and 494.
13
What is the greatest common factor of 108 and 111480?
12
What is the highest common divisor of 1472 and 99840?
64
What is the greatest common divisor of 5346 and 22?
22
Calculate the greatest common factor of 216 and 247941.
27
Calculate the greatest common divisor of 918 and 27438.
102
Calculate the highest common divisor of 96393 and 23.
23
Calculate the greatest common factor of 498 and 1314.
6
Calculate the greatest common divisor of 2736 and 45.
9
Calculate the highest common factor of 28139 and 38.
19
What is the highest common factor of 350 and 12530?
70
Calculate the greatest common factor of 76 and 1280296.
76
What is the highest common factor of 1089 and 3546?
9
What is the greatest common factor of 236512 and 1167?
389
What is the highest common divisor of 42 and 260544?
6
What is the highest common factor of 4300 and 44677?
43
Calculate the highest common divisor of 1080 and 6345.
135
What is the greatest common divisor of 18 and 1523637?
9
Calculate the greatest common divisor of 775 and 1300.
25
What is the highest common factor of 35844 and 232?
116
What is the greatest common factor of 28667 and 109?
109
What is the greatest common divisor of 637 and 91104?
13
What is the highest common factor of 271 and 100?
1
What is the highest common factor of 62086 and 74?
74
What is the greatest common divisor of 221 and 4981?
17
Calculate the greatest common